ivided by 8?
3
Calculate the remainder when 341 is divided by 43.
40
Calculate the remainder when 156 is divided by 65.
26
What is the remainder when 392 is divided by 138?
116
Calculate the remainder when 1023 is divided by 338.
9
Calculate the remainder when 214 is divided by 121.
93
Calculate the remainder when 151 is divided by 64.
23
What is the remainder when 2389 is divided by 13?
10
Calculate the remainder when 1135 is divided by 67.
63
Calculate the remainder when 866 is divided by 54.
2
What is the remainder when 1299 is divided by 431?
6
What is the remainder when 146 is divided by 7?
6
What is the remainder when 276 is divided by 131?
14
Calculate the remainder when 78 is divided by 16.
14
What is the remainder when 1556 is divided by 78?
74
What is the remainder when 117 is divided by 6?
3
What is the remainder when 711 is divided by 17?
14
Calculate the remainder when 4810 is divided by 166.
162
What is the remainder when 172 is divided by 22?
18
Calculate the remainder when 89 is divided by 79.
10
What is the remainder when 50 is divided by 13?
11
Calculate the remainder when 286 is divided by 201.
85
What is the remainder when 465 is divided by 41?
14
Calculate the remainder when 12556 is divided by 69.
67
Calculate the remainder when 7163 is divided by 36.
35
Calculate the remainder when 606 is divided by 16.
14
Calculate the remainder when 8837 is divided by 136.
133
Calculate the remainder when 3658 is divided by 37.
32
Calculate the remainder when 521 is divided by 35.
31
What is the remainder when 1613 is divided by 63?
38
What is the remainder when 192 is divided by 56?
24
What is the remainder when 71 is divided by 18?
17
What is the remainder when 7115 is divided by 27?
14
Calculate the remainder when 5473 is divided by 74.
71
Calculate the remainder when 6148 is divided by 6139.
9
What is the remainder when 76 is divided by 43?
33
What is the remainder when 423 is divided by 212?
211
Calculate the remainder when 1460 is divided by 11.
8
Calculate the remainder when 71 is divided by 9.
8
Calculate the remainder when 3707 is divided by 265.
262
What is the remainder when 612 is divided by 188?
48
What is the remainder when 3851 is divided by 94?
91
Calculate the remainder when 370 is divided by 53.
52
What is the remainder when 104 is divided by 9?
5
What is the remainder when 689 is divided by 138?
137
What is the remainder when 55 is divided by 21?
13
What is the remainder when 8 is divided by 5?
3
What is the remainder when 2468 is divided by 95?
93
What is the remainder when 1468 is divided by 59?
52
What is the remainder when 5681 is divided by 15?
11
What is the remainder when 466 is divided by 160?
146
Calculate the remainder when 27 is divided by 23.
4
Calculate the remainder when 126 is divided by 3.
0
What is the remainder when 23833 is divided by 105?
103
What is the remainder when 768 is divided by 35?
33
Calculate the remainder when 110 is divided by 16.
14
What is the remainder when 29334 is divided by 127?
124
What is the remainder when 56 is divided by 12?
8
What is the remainder when 139 is divided by 29?
23
What is the remainder when 546 is divided by 50?
46
Calculate the remainder when 364 is divided by 355.
9
What is the remainder when 360 is divided by 88?
8
Calculate the remainder when 48 is divided by 10.
8
Calculate the remainder when 814 is divided by 46.
32
Calculate the remainder when 2750 is divided by 34.
30
What is the remainder when 163 is divided by 47?
22
What is the remainder when 446 is divided by 13?
4
Calculate the remainder when 41 is divided by 16.
9
Calculate the remainder when 1280 is divided by 90.
20
Calculate the remainder when 226 is divided by 83.
60
Calculate the remainder when 8635 is divided by 163.
159
What is the remainder when 221 is divided by 102?
17
What is the remainder when 194 is divided by 160?
34
What is the remainder when 4583 is divided by 24?
23
Calculate the remainder when 6129 is divided by 73.
70
Calculate the remainder when 201 is divided by 41.
37
What is the remainder when 623 is divided by 191?
50
Calculate the remainder when 3031 is divided by 49.
42
Calculate the remainder when 1193 is divided by 167.
24
Calculate the remainder when 947 is divided by 34.
29
What is the remainder when 65 is divided by 30?
5
What is the remainder when 2059 is divided by 14?
1
Calculate the remainder when 2174 is divided by 68.
66
What is the remainder when 172 is divided by 65?
42
Calculate the remainder when 42558 is divided by 95.
93
What is the remainder when 503 is divided by 50?
3
What is the remainder when 564 is divided by 187?
3
What is the remainder when 116 is divided by 61?
55
What is the remainder when 405 is divided by 4?
1
What is the remainder when 214 is divided by 43?
42
What is the remainder when 164 is divided by 84?
80
Calculate the remainder when 240 is divided by 56.
16
Calculate the remainder when 452 is divided by 51.
44
Calculate the remainder when 1138 is divided by 10.
8
What is the remainder when 511 is divided by 214?
83
Calculate the remainder when 1032 is divided by 149.
138
What is the remainder when 1525 is divided by 745?
35
Calculate the remainder when 76 is divided by 54.
22
What is the remainder when 26399 is divided by 15?
14
Calculate the remainder when 48 is divided by 25.
23
Calculate the remainder when 114 is divided by 32.
18
Calculate the remainder when 339 is divided by 70.
59
What is the remainder when 171 is divided by 35?
31
What is the remainder when 81 is divided by 68?
13
What is the remainder when 72 is divided by 25?
22
Calculate the remainder when 167 is divided by 28.
27
What is the remainder when 60 is divided by 11?
5
What is the remainder when 5937 is divided by 108?
105
Calculate the remainder when 58138 is divided by 38.
36
Calculate the remainder when 130 is divided by 33.
31
What is the remainder when 280 is divided by 115?
50
Calculate the remainder when 54 is divided by 42.
12
Calculate the remainder when 313 is divided by 38.
9
What is the remainder when 182 is divided by 27?
20
What is the remainder when 453 is divided by 27?
21
What is the remainder when 2875 is divided by 47?
8
What is the remainder when 2423 is divided by 602?
15
Calculate the remainder when 8551 is divided by 26.
23
What is the remainder when 256 is divided by 138?
118
Calculate the remainder when 78 is divided by 33.
12
Calculate the remainder when 172 is divided by 27.
10
Calculate the remainder when 1302 is divided by 8.
6
Calculate the remainder when 5915 is divided by 11.
8
What is the remainder when 1426 is divided by 80?
66
What is the remainder when 387 is divided by 160?
67
Calculate the remainder when 2595 is divided by 44.
43
What is the remainder when 902 is divided by 43?
42
Calculate the remainder when 338 is divided by 298.
40
Calculate the remainder when 680 is divided by 98.
92
What is the remainder when 91 is divided by 32?
27
Calculate the remainder when 4 is divided by 2.
0
Calculate the remainder when 121 is divided by 53.
15
What is the remainder when 10052 is divided by 113?
108
What is the remainder when 127 is divided by 99?
28
Calculate the remainder when 1270 is divided by 41.
40
What is the remainder when 313 is divided by 3?
1
Calculate the remainder when 140 is divided by 138.
2
Calculate the remainder when 36 is divided by 21.
15
Calculate the remainder when 165 is divided by 34.
29
Calculate the remainder when 1221 is divided by 393.
42
What is the remainder when 68 is divided by 45?
23
Calculate the remainder when 293 is divided by 85.
38
Calculate the remainder when 93 is divided by 17.
8
Calculate the remainder when 8960 is divided by 34.
18
Calculate the remainder when 225 is divided by 197.
28
What is the remainder when 42 is divided by 13?
3
Calculate the remainder when 361 is divided by 168.
25
Calculate the remainder when 104 is divided by 27.
23
Calculate the remainder when 69 is divided by 18.
15
Calculate the remainder when 293 is divided by 23.
17
Calculate the remainder when 25 is divided by 13.
12
What is the remainder when 158 is divided by 59?
40
Calculate the remainder when 296 is divided by 37.
0
Calculate the remainder when 928 is divided by 179.
33
What is the remainder when 15